{"id":204,"date":"2023-11-09T07:45:28","date_gmt":"2023-11-09T07:45:28","guid":{"rendered":"https:\/\/silicio.math.unifi.it\/wordpress\/FIPISI\/?page_id=204"},"modified":"2023-11-19T06:22:11","modified_gmt":"2023-11-19T06:22:11","slug":"incontri-di-analisi-matematicatra-firenze-pisa-e-siena","status":"publish","type":"page","link":"https:\/\/silicio.math.unifi.it\/wordpress\/FIPISI\/incontri-di-analisi-matematicatra-firenze-pisa-e-siena\/","title":{"rendered":"Programma (quinto incontro 2023)"},"content":{"rendered":"\n<h1 class=\"wp-block-heading\">Incontri di Analisi Matematica tra Firenze, Pisa e Siena<\/h1>\n\n\n\n<h2 class=\"wp-block-heading\">MathAnalysis(at)UniFIPISI, V<\/h2>\n\n\n\n<h3 class=\"wp-block-heading\">mercoled\u00ec 6 dicembre 2023<br>Universit\u00e0 degli Studi di Firenze<br>Dipartimento di Matematica e Informatica &#8220;Ulisse Dini&#8221; (DiMaI)<\/h3>\n\n\n\n<p>La partecipazione \u00e8 libera, ti chiediamo per\u00f2 di compilare il <a href=\"https:\/\/cloud.cs.dm.unipi.it\/apps\/forms\/s\/ZfM8dzrR5NGG2D5zCqgnr4Xc\">modulo di registrazione<\/a><\/p>\n\n\n\n<h3 class=\"wp-block-heading\">PROGRAMMA<\/h3>\n\n\n\n<p>14:30 apertura<br>14:35&nbsp;<strong>Alessandra Lunardi<\/strong>&nbsp;(Universit\u00e0 di Parma):&nbsp;<em>Sobolev and BV functions in infinite dimension<\/em><br>15:30&nbsp;<strong>Masayuki Hayashi<\/strong>&nbsp;(Universit\u00e0 di Pisa): <em>Modified energies for the generalized derivative NLS<\/em><br>16:00 <em>pausa caff\u00e8<\/em><br>16:30&nbsp;<strong>Luigi C. Berselli<\/strong>&nbsp;(Universit\u00e0 di Pisa):&nbsp;<em>Energy conservation for incompressible viscous fluids<\/em><br>17:25 <strong>Giorgio Saracco <\/strong>(Universit\u00e0 di Firenze): <em>Bijections between isoperimetric sets, prescribed curvature sets, and p-Cheeger sets<\/em><br>17:55 chiusura<\/p>\n\n\n\n<h3 class=\"wp-block-heading\">ABSTRACTS<\/h3>\n\n\n\n<p><strong>Luigi C. Berselli<\/strong>: In this talk I will discuss classical and recent results about the energy conservation for Leray-Hopf solutions to the Navier-Stokes equations, satisfying additional assumptions.<br>In particular, I will focus on H\u00f6lder continuous solutions (wrt space variables) and on the technical steps necessary to pass from the periodic case to the Dirichlet problem in various domains with solid boundaries.<\/p>\n\n\n\n<p>Joint work with A. Kaltenbach and M. R\u016f\u017ei\u010dka<\/p>\n\n\n\n<p><strong>Alessandra Lunardi: <\/strong>In Hilbert or even Banach spaces $X$ endowed with good probability measures there are a few &#8220;natural&#8221; definitions of Sobolev spaces and of functions with bounded variation. The available theory deals mainly with Gaussian measures and Sobolev and BV functions defined in the whole $X$, while the study and Sobolev and BV spaces in domains, and\/or with respect to non Gaussian measures, is largely to be developed.<\/p>\n\n\n\n<p>As in finite dimension, Sobolev and BV functions are tools for the study of different problems, in particular of PDEs with infinitely many variables, arising in mathematical physics in the modeling of systems with an infinite number of degrees of freedom, and of stochastic PDEs through Kolmogorov equations.<\/p>\n\n\n\n<p>In this talk I will describe some of the main features and open problems concerning such function spaces.<\/p>\n\n\n\n<p><strong>Masayuki Hayashi<\/strong>: We prove global existence of solutions to the generalized derivative nonlinear Schr\u00f6dinger equation in $H^2(\\mathbb{T})$. This answers the open problem posed by Ambrose and Simpson (2015). The key in the proof is to extract the terms that cause problems in energy estimates and construct the modified energy so as to cancel the bad terms out by cleverly using integration by parts and the equation.<\/p>\n\n\n\n<p>This talk is based on a joint work with T. Ozawa and N. Visciglia.<\/p>\n\n\n\n<p><strong>Giorgio Saracco<\/strong>:\u00a0Bijections between isoperimetric sets, prescribed curvature sets, and p-Cheeger sets<\/p>\n\n\n\n<p>Given a planar, open set $\\Omega$, satisfying some weak regularity assumptions, we will consider the following three different problems among subsets of $\\Omega$: the isoperimetric problem for volume $V$; the prescribed curvature problem for curvature $\\kappa$; the $p$-Cheeger problem.<\/p>\n\n\n\n<p>We shall see that there exist bijections $\\mathfrak{K}$ and $\\mathfrak{V}$ between these problems in the following sense: a set is isoperimetric of volume $V$ if and only if it attains the minimum of the prescribed curvature functional for curvature $\\mathfrak{K}(V)$; analogously a set is $p$-Cheeger if and only if it is isoperimetric of volume $\\mathfrak{V}(p)$.<\/p>\n\n\n\n<p>As a byproduct we infer some convexity properties on the isoperimetric profile, and some fine regularity properties on the contact surface of minimizers.<\/p>\n\n\n\n<p>Based on joint works with Caroccia, Leonardi, Neumayer, and Pratelli.<\/p>\n","protected":false},"excerpt":{"rendered":"<p>Incontri di Analisi Matematica tra Firenze, Pisa e Siena MathAnalysis(at)UniFIPISI, V mercoled\u00ec 6 dicembre 2023Universit\u00e0 degli Studi di FirenzeDipartimento di Matematica e Informatica &#8220;Ulisse Dini&#8221; (DiMaI) La partecipazione \u00e8 libera, ti chiediamo per\u00f2 di compilare il modulo di registrazione PROGRAMMA 14:30 apertura14:35&nbsp;Alessandra Lunardi&nbsp;(Universit\u00e0 di Parma):&nbsp;Sobolev and BV functions in infinite dimension15:30&nbsp;Masayuki Hayashi&nbsp;(Universit\u00e0 di Pisa): Modified &hellip; <\/p>\n<p class=\"link-more\"><a href=\"https:\/\/silicio.math.unifi.it\/wordpress\/FIPISI\/incontri-di-analisi-matematicatra-firenze-pisa-e-siena\/\" class=\"more-link\">Continue reading<span class=\"screen-reader-text\"> &#8220;Programma (quinto incontro 2023)&#8221;<\/span><\/a><\/p>\n","protected":false},"author":10,"featured_media":0,"parent":0,"menu_order":0,"comment_status":"closed","ping_status":"closed","template":"","meta":{"footnotes":""},"class_list":["post-204","page","type-page","status-publish","hentry"],"yoast_head":"<!-- This site is optimized with the Yoast SEO plugin v23.4 - https:\/\/yoast.com\/wordpress\/plugins\/seo\/ -->\n<title>Programma (quinto incontro 2023) - Incontri di Analisi Matematica tra Firenze, Pisa e Siena<\/title>\n<meta name=\"robots\" content=\"index, follow, max-snippet:-1, max-image-preview:large, max-video-preview:-1\" \/>\n<link rel=\"canonical\" href=\"https:\/\/silicio.math.unifi.it\/wordpress\/FIPISI\/incontri-di-analisi-matematicatra-firenze-pisa-e-siena\/\" \/>\n<meta property=\"og:locale\" content=\"en_US\" \/>\n<meta property=\"og:type\" content=\"article\" \/>\n<meta property=\"og:title\" content=\"Programma (quinto incontro 2023) - Incontri di Analisi Matematica tra Firenze, Pisa e Siena\" \/>\n<meta property=\"og:description\" content=\"Incontri di Analisi Matematica tra Firenze, Pisa e Siena MathAnalysis(at)UniFIPISI, V mercoled\u00ec 6 dicembre 2023Universit\u00e0 degli Studi di FirenzeDipartimento di Matematica e Informatica &#8220;Ulisse Dini&#8221; (DiMaI) La partecipazione \u00e8 libera, ti chiediamo per\u00f2 di compilare il modulo di registrazione PROGRAMMA 14:30 apertura14:35&nbsp;Alessandra Lunardi&nbsp;(Universit\u00e0 di Parma):&nbsp;Sobolev and BV functions in infinite dimension15:30&nbsp;Masayuki Hayashi&nbsp;(Universit\u00e0 di Pisa): Modified &hellip; Continue reading &quot;Programma (quinto incontro 2023)&quot;\" \/>\n<meta property=\"og:url\" content=\"https:\/\/silicio.math.unifi.it\/wordpress\/FIPISI\/incontri-di-analisi-matematicatra-firenze-pisa-e-siena\/\" \/>\n<meta property=\"og:site_name\" content=\"Incontri di Analisi Matematica tra Firenze, Pisa e Siena\" \/>\n<meta property=\"article:modified_time\" content=\"2023-11-19T06:22:11+00:00\" \/>\n<meta name=\"twitter:card\" content=\"summary_large_image\" \/>\n<meta name=\"twitter:label1\" content=\"Est. reading time\" \/>\n\t<meta name=\"twitter:data1\" content=\"3 minutes\" \/>\n<script type=\"application\/ld+json\" class=\"yoast-schema-graph\">{\"@context\":\"https:\/\/schema.org\",\"@graph\":[{\"@type\":\"WebPage\",\"@id\":\"https:\/\/silicio.math.unifi.it\/wordpress\/FIPISI\/incontri-di-analisi-matematicatra-firenze-pisa-e-siena\/\",\"url\":\"https:\/\/silicio.math.unifi.it\/wordpress\/FIPISI\/incontri-di-analisi-matematicatra-firenze-pisa-e-siena\/\",\"name\":\"Programma (quinto incontro 2023) - Incontri di Analisi Matematica tra Firenze, Pisa e Siena\",\"isPartOf\":{\"@id\":\"https:\/\/silicio.math.unifi.it\/wordpress\/FIPISI\/#website\"},\"datePublished\":\"2023-11-09T07:45:28+00:00\",\"dateModified\":\"2023-11-19T06:22:11+00:00\",\"breadcrumb\":{\"@id\":\"https:\/\/silicio.math.unifi.it\/wordpress\/FIPISI\/incontri-di-analisi-matematicatra-firenze-pisa-e-siena\/#breadcrumb\"},\"inLanguage\":\"en-US\",\"potentialAction\":[{\"@type\":\"ReadAction\",\"target\":[\"https:\/\/silicio.math.unifi.it\/wordpress\/FIPISI\/incontri-di-analisi-matematicatra-firenze-pisa-e-siena\/\"]}]},{\"@type\":\"BreadcrumbList\",\"@id\":\"https:\/\/silicio.math.unifi.it\/wordpress\/FIPISI\/incontri-di-analisi-matematicatra-firenze-pisa-e-siena\/#breadcrumb\",\"itemListElement\":[{\"@type\":\"ListItem\",\"position\":1,\"name\":\"Home\",\"item\":\"https:\/\/silicio.math.unifi.it\/wordpress\/FIPISI\/\"},{\"@type\":\"ListItem\",\"position\":2,\"name\":\"Programma (quinto incontro 2023)\"}]},{\"@type\":\"WebSite\",\"@id\":\"https:\/\/silicio.math.unifi.it\/wordpress\/FIPISI\/#website\",\"url\":\"https:\/\/silicio.math.unifi.it\/wordpress\/FIPISI\/\",\"name\":\"Incontri di Analisi Matematica tra Firenze, Pisa e Siena\",\"description\":\"\",\"potentialAction\":[{\"@type\":\"SearchAction\",\"target\":{\"@type\":\"EntryPoint\",\"urlTemplate\":\"https:\/\/silicio.math.unifi.it\/wordpress\/FIPISI\/?s={search_term_string}\"},\"query-input\":{\"@type\":\"PropertyValueSpecification\",\"valueRequired\":true,\"valueName\":\"search_term_string\"}}],\"inLanguage\":\"en-US\"}]}<\/script>\n<!-- \/ Yoast SEO plugin. -->","yoast_head_json":{"title":"Programma (quinto incontro 2023) - Incontri di Analisi Matematica tra Firenze, Pisa e Siena","robots":{"index":"index","follow":"follow","max-snippet":"max-snippet:-1","max-image-preview":"max-image-preview:large","max-video-preview":"max-video-preview:-1"},"canonical":"https:\/\/silicio.math.unifi.it\/wordpress\/FIPISI\/incontri-di-analisi-matematicatra-firenze-pisa-e-siena\/","og_locale":"en_US","og_type":"article","og_title":"Programma (quinto incontro 2023) - Incontri di Analisi Matematica tra Firenze, Pisa e Siena","og_description":"Incontri di Analisi Matematica tra Firenze, Pisa e Siena MathAnalysis(at)UniFIPISI, V mercoled\u00ec 6 dicembre 2023Universit\u00e0 degli Studi di FirenzeDipartimento di Matematica e Informatica &#8220;Ulisse Dini&#8221; (DiMaI) La partecipazione \u00e8 libera, ti chiediamo per\u00f2 di compilare il modulo di registrazione PROGRAMMA 14:30 apertura14:35&nbsp;Alessandra Lunardi&nbsp;(Universit\u00e0 di Parma):&nbsp;Sobolev and BV functions in infinite dimension15:30&nbsp;Masayuki Hayashi&nbsp;(Universit\u00e0 di Pisa): Modified &hellip; Continue reading \"Programma (quinto incontro 2023)\"","og_url":"https:\/\/silicio.math.unifi.it\/wordpress\/FIPISI\/incontri-di-analisi-matematicatra-firenze-pisa-e-siena\/","og_site_name":"Incontri di Analisi Matematica tra Firenze, Pisa e Siena","article_modified_time":"2023-11-19T06:22:11+00:00","twitter_card":"summary_large_image","twitter_misc":{"Est. reading time":"3 minutes"},"schema":{"@context":"https:\/\/schema.org","@graph":[{"@type":"WebPage","@id":"https:\/\/silicio.math.unifi.it\/wordpress\/FIPISI\/incontri-di-analisi-matematicatra-firenze-pisa-e-siena\/","url":"https:\/\/silicio.math.unifi.it\/wordpress\/FIPISI\/incontri-di-analisi-matematicatra-firenze-pisa-e-siena\/","name":"Programma (quinto incontro 2023) - Incontri di Analisi Matematica tra Firenze, Pisa e Siena","isPartOf":{"@id":"https:\/\/silicio.math.unifi.it\/wordpress\/FIPISI\/#website"},"datePublished":"2023-11-09T07:45:28+00:00","dateModified":"2023-11-19T06:22:11+00:00","breadcrumb":{"@id":"https:\/\/silicio.math.unifi.it\/wordpress\/FIPISI\/incontri-di-analisi-matematicatra-firenze-pisa-e-siena\/#breadcrumb"},"inLanguage":"en-US","potentialAction":[{"@type":"ReadAction","target":["https:\/\/silicio.math.unifi.it\/wordpress\/FIPISI\/incontri-di-analisi-matematicatra-firenze-pisa-e-siena\/"]}]},{"@type":"BreadcrumbList","@id":"https:\/\/silicio.math.unifi.it\/wordpress\/FIPISI\/incontri-di-analisi-matematicatra-firenze-pisa-e-siena\/#breadcrumb","itemListElement":[{"@type":"ListItem","position":1,"name":"Home","item":"https:\/\/silicio.math.unifi.it\/wordpress\/FIPISI\/"},{"@type":"ListItem","position":2,"name":"Programma (quinto incontro 2023)"}]},{"@type":"WebSite","@id":"https:\/\/silicio.math.unifi.it\/wordpress\/FIPISI\/#website","url":"https:\/\/silicio.math.unifi.it\/wordpress\/FIPISI\/","name":"Incontri di Analisi Matematica tra Firenze, Pisa e Siena","description":"","potentialAction":[{"@type":"SearchAction","target":{"@type":"EntryPoint","urlTemplate":"https:\/\/silicio.math.unifi.it\/wordpress\/FIPISI\/?s={search_term_string}"},"query-input":{"@type":"PropertyValueSpecification","valueRequired":true,"valueName":"search_term_string"}}],"inLanguage":"en-US"}]}},"_links":{"self":[{"href":"https:\/\/silicio.math.unifi.it\/wordpress\/FIPISI\/wp-json\/wp\/v2\/pages\/204"}],"collection":[{"href":"https:\/\/silicio.math.unifi.it\/wordpress\/FIPISI\/wp-json\/wp\/v2\/pages"}],"about":[{"href":"https:\/\/silicio.math.unifi.it\/wordpress\/FIPISI\/wp-json\/wp\/v2\/types\/page"}],"author":[{"embeddable":true,"href":"https:\/\/silicio.math.unifi.it\/wordpress\/FIPISI\/wp-json\/wp\/v2\/users\/10"}],"replies":[{"embeddable":true,"href":"https:\/\/silicio.math.unifi.it\/wordpress\/FIPISI\/wp-json\/wp\/v2\/comments?post=204"}],"version-history":[{"count":11,"href":"https:\/\/silicio.math.unifi.it\/wordpress\/FIPISI\/wp-json\/wp\/v2\/pages\/204\/revisions"}],"predecessor-version":[{"id":228,"href":"https:\/\/silicio.math.unifi.it\/wordpress\/FIPISI\/wp-json\/wp\/v2\/pages\/204\/revisions\/228"}],"wp:attachment":[{"href":"https:\/\/silicio.math.unifi.it\/wordpress\/FIPISI\/wp-json\/wp\/v2\/media?parent=204"}],"curies":[{"name":"wp","href":"https:\/\/api.w.org\/{rel}","templated":true}]}}